e greatest common factor of 101847768 and 1272?
1272
Calculate the highest common factor of 631368 and 5832.
216
Calculate the highest common factor of 408639 and 8367051.
6699
What is the greatest common divisor of 1984396 and 6212632?
7012
What is the highest common divisor of 625658 and 1067?
11
What is the greatest common factor of 8439922 and 629?
629
Calculate the greatest common factor of 11391020 and 6460.
340
What is the greatest common factor of 190 and 8537954?
38
Calculate the highest common factor of 34701 and 266729.
43
What is the highest common divisor of 938 and 315938?
14
Calculate the highest common factor of 1152152 and 1598664.
472
Calculate the greatest common factor of 11216 and 792130.
1402
Calculate the greatest common divisor of 12861163 and 172339.
2921
What is the greatest common divisor of 43584 and 117312?
192
What is the highest common factor of 15153413 and 12848?
803
What is the highest common factor of 784 and 2154224?
16
Calculate the highest common factor of 385 and 926765.
35
What is the greatest common divisor of 13 and 369333523?
13
What is the greatest common factor of 422749392 and 3439?
3439
Calculate the greatest common factor of 253 and 2501092.
11
What is the greatest common factor of 18899217 and 846?
423
What is the greatest common divisor of 27994529 and 17?
17
Calculate the greatest common divisor of 3756249 and 138938.
547
Calculate the highest common factor of 19859 and 1624.
7
What is the greatest common divisor of 649 and 87113323?
649
Calculate the highest common factor of 10746554 and 10686.
3562
Calculate the highest common factor of 10403976 and 418.
22
What is the greatest common factor of 1272 and 758529852?
636
Calculate the highest common divisor of 3782592 and 10800.
432
Calculate the highest common divisor of 207 and 30377250.
207
What is the greatest common divisor of 12 and 568976124?
12
Calculate the greatest common divisor of 146853 and 4410.
441
Calculate the greatest common divisor of 4136 and 61664.
376
What is the highest common factor of 179272 and 128?
8
What is the greatest common factor of 659420 and 1660?
20
Calculate the greatest common divisor of 57168398 and 196.
98
What is the greatest common factor of 334712457 and 63?
9
What is the highest common factor of 6758 and 115878?
62
What is the highest common factor of 133224189 and 9?
3
What is the greatest common divisor of 773600 and 3253955?
4835
Calculate the highest common divisor of 832665000 and 10000.
5000
Calculate the highest common divisor of 93 and 314941431.
93
Calculate the greatest common divisor of 4594170 and 525.
105
Calculate the highest common divisor of 436062 and 6534.
66
What is the greatest common divisor of 2717 and 4221591?
209
What is the highest common divisor of 143494 and 1300?
26
What is the highest common divisor of 5972508 and 23868?
1836
What is the greatest common factor of 15604919 and 596?
149
What is the greatest common divisor of 1163512 and 6944?
56
Calculate the highest common divisor of 6313922 and 3110.
622
Calculate the highest common factor of 93688 and 12446.
98
What is the highest common divisor of 3110220 and 207815?
2335
Calculate the greatest common divisor of 56650370 and 2940.
490
Calculate the greatest common divisor of 115411 and 89866.
131
What is the greatest common factor of 3789539 and 3?
1
Calculate the greatest common factor of 334040723 and 353.
353
Calculate the highest common factor of 17242 and 18537.
37
What is the greatest common factor of 134393 and 68117?
1841
Calculate the highest common divisor of 1152894 and 54.
6
Calculate the greatest common divisor of 1089 and 18184969.
121
What is the highest common divisor of 12 and 71044131?
3
What is the highest common divisor of 296 and 41982568?
296
What is the greatest common divisor of 14402 and 2074724?
38
What is the highest common factor of 473671 and 7042783?
1639
What is the highest common divisor of 130 and 34235695?
65
Calculate the highest common factor of 76858771 and 2585.
517
Calculate the highest common divisor of 186403 and 385691.
859
Calculate the greatest common factor of 3380310 and 150165.
3195
Calculate the highest common divisor of 557128 and 176.
88
Calculate the greatest common divisor of 18 and 307722.
6
Calculate the highest common factor of 141272 and 13896.
8
What is the greatest common divisor of 46447923 and 8655?
1731
Calculate the highest common divisor of 1882 and 707632.
1882
What is the highest common factor of 408 and 16308856?
8
Calculate the greatest common divisor of 24473056 and 96.
32
Calculate the greatest common divisor of 6012407 and 680.
17
What is the greatest common factor of 1261502 and 54?
2
What is the greatest common divisor of 2516369800 and 2800?
1400
What is the greatest common divisor of 48336 and 14302896?
912
Calculate the greatest common factor of 2850243 and 297.
33
Calculate the highest common factor of 122907 and 148416.
2319
What is the greatest common factor of 1361488128 and 8736?
8736
What is the greatest common divisor of 6329498 and 1148?
574
Calculate the greatest common divisor of 11550252 and 665.
133
Calculate the highest common factor of 7007 and 2597903.
77
What is the greatest common divisor of 26 and 222110070?
26
Calculate the highest common factor of 22 and 8623901.
11
Calculate the greatest common factor of 25070 and 39707610.
1090
What is the greatest common divisor of 996268 and 32537456?
10948
What is the highest common factor of 1546 and 628445908?
1546
Calculate the highest common divisor of 16 and 18894216.
8
Calculate the highest common divisor of 148 and 553608.
4
What is the greatest common divisor of 110940 and 28150?
10
Calculate the highest common divisor of 16303 and 351679.
2329
What is the greatest common factor of 513458 and 726?
22
Calculate the greatest common factor of 44099670 and 1860.
930
Calculate the highest common divisor of 88466 and 2354317.
623
What is the highest common factor of 310 and 3912230?
10
Calculate the highest common divisor of 734 and 1034241966.
734
Calculate the greatest common divisor of 1184366 and 944.
118
Calculate the highest common factor of 51 and 62677249.
17
What is the highest common divisor of 5 and 272606?
1
What is the highest common factor of 5188131 and 4056?
507
Calculate the greatest common factor of 341614 and 154.
14
Calculate the greatest common factor of 5813994 and 632514.
2334
What is the highest common divisor of 200362771 and 266?
133
Calculate the greatest common divisor of 19672635 and 130.
5
Calculate the greatest common divisor of 158919922 and 842.
842
Calculate the greatest common divisor of 957 and 3522891.
87
Calculate the highest common factor of 146137 and 37802.
461
What is the highest common divisor of 500 and 2789875?
125
What is the greatest common divisor of 5152 and 764208?
16
What is the highest common divisor of 83634 and 565086?
318
Calculate the highest common factor of 476 and 8557256.
68
Calculate the highest common factor of 12 and 48171927.
3
Calculate the greatest common divisor of 385652 and 8576.
268
Calculate the greatest common divisor of 42 and 5161289.
7
What is the greatest common factor of 209 and 16977301?
11
Calculate the greatest common divisor of 24192280 and 3920.
1960
What is the highest common divisor of 24 and 804072?
24
What is the highest common divisor of 1717522 and 14418?
178
What is the highest common factor of 278 and 112124?
2
Calculate the highest common factor of 3660243 and 2622.
69
What is the greatest common divisor of 113400 and 7720?
40
What is the greatest common factor of 399 and 45542784?
21
What is the highest common divisor of 3520 and 299420?
220
Calculate the highest common factor of 96579 and 4263.
147
What is the highest common factor of 37795080 and 776?
776
Calculate the highest common factor of 339807086 and 94.
94
What is the greatest common factor of 8845 and 6388555?
145
What is the greatest common divisor of 71 and 19546158?
71
What is the greatest common factor of 99 and 100379043?
9
Calculate the greatest common divisor of 168 and 99197742.
42
What is the greatest common divisor of 3657185 and 21?
7
What is the greatest common divisor of 923173 and 885?
59
What is the highest common fac